{"id":299,"date":"2022-07-27T14:06:00","date_gmt":"2022-07-27T14:06:00","guid":{"rendered":"https:\/\/bodasyretiroshamsa.com\/?post_type=product&#038;p=299"},"modified":"2022-11-19T15:12:06","modified_gmt":"2022-11-19T20:12:06","slug":"paquete-de-inicio-premium-con-difusor-dew-drop","status":"publish","type":"product","link":"https:\/\/bodasyretiroshamsa.com\/index.php\/producto\/paquete-de-inicio-premium-con-difusor-dew-drop\/","title":{"rendered":"Paquete de Inicio Premium con Difusor Dew Drop"},"content":{"rendered":"<p>\u00a1\u00danete a experiencia \u00fanica de negocios y producto de Young Living! Un valor extraordinario que ofrece una presentaci\u00f3n introductoria al poder de los aceites esenciales, el Kit de Incio Premium con Aceites Esenciales es la opci\u00f3n perfecta para aquellos que toma en serio los productos de Young Living.<\/p>\n<p>Su Premium Starter Kit Incluye:<\/p>\n<p>&nbsp;<\/p>\n<p>&nbsp;<\/p>\n<ul>\n<li>Incienso 5 ml<\/li>\n<li>Lavanda 5 ml<\/li>\n<li>Lim\u00f3n 5 ml<\/li>\n<li>Naranja Plus 5 ml<\/li>\n<li>Menta 5 ml<\/li>\n<li>Peace and calming 5 ml<\/li>\n<li>Thieves 5 ml<\/li>\n<li>Joy 5 ml<\/li>\n<li>Panaway 5 ml<\/li>\n<li>Purification 5 ml<\/li>\n<li>Valor 5 ml<\/li>\n<li>R.C 5 ml<\/li>\n<li>2 Sachets NingXia Red<\/li>\n<li>1 Thieves Purificador de manos<\/li>\n<li>2 aromaglide<\/li>\n<li>Difusor Dew Drop<\/li>\n<\/ul>\n<p>&nbsp;<\/p>\n<p><i>*En caso de que uno o m\u00e1s de estos aceites mencionados no est\u00e9n disponibles ofreceremos uno de los siguientes aceites; Tea Tree, AromaEase, Yerbalim\u00f3n, Citrus Fresh, Naranja<\/i><\/p>\n","protected":false},"excerpt":{"rendered":"<p>Estos productos solo est\u00e1n disponibles para la compra por parte de los miembros de Young Living. Para convertirse en miembro de Young Living, haga clic en el enlace \u00abH\u00e1gase miembro\u00bb en la parte superior de esta p\u00e1gina.<\/p>\n","protected":false},"featured_media":293,"comment_status":"open","ping_status":"closed","template":"","meta":[],"product_brand":[],"product_cat":[16],"product_tag":[],"class_list":{"0":"post-299","1":"product","2":"type-product","3":"status-publish","4":"has-post-thumbnail","6":"product_cat-sin-categorizar","8":"first","9":"instock","10":"shipping-taxable","11":"product-type-external"},"lang":"es","translations":{"es":299,"en":1057},"pll_sync_post":[],"_links":{"self":[{"href":"https:\/\/bodasyretiroshamsa.com\/index.php\/wp-json\/wp\/v2\/product\/299","targetHints":{"allow":["GET"]}}],"collection":[{"href":"https:\/\/bodasyretiroshamsa.com\/index.php\/wp-json\/wp\/v2\/product"}],"about":[{"href":"https:\/\/bodasyretiroshamsa.com\/index.php\/wp-json\/wp\/v2\/types\/product"}],"replies":[{"embeddable":true,"href":"https:\/\/bodasyretiroshamsa.com\/index.php\/wp-json\/wp\/v2\/comments?post=299"}],"version-history":[{"count":2,"href":"https:\/\/bodasyretiroshamsa.com\/index.php\/wp-json\/wp\/v2\/product\/299\/revisions"}],"predecessor-version":[{"id":1435,"href":"https:\/\/bodasyretiroshamsa.com\/index.php\/wp-json\/wp\/v2\/product\/299\/revisions\/1435"}],"wp:featuredmedia":[{"embeddable":true,"href":"https:\/\/bodasyretiroshamsa.com\/index.php\/wp-json\/wp\/v2\/media\/293"}],"wp:attachment":[{"href":"https:\/\/bodasyretiroshamsa.com\/index.php\/wp-json\/wp\/v2\/media?parent=299"}],"wp:term":[{"taxonomy":"product_brand","embeddable":true,"href":"https:\/\/bodasyretiroshamsa.com\/index.php\/wp-json\/wp\/v2\/product_brand?post=299"},{"taxonomy":"product_cat","embeddable":true,"href":"https:\/\/bodasyretiroshamsa.com\/index.php\/wp-json\/wp\/v2\/product_cat?post=299"},{"taxonomy":"product_tag","embeddable":true,"href":"https:\/\/bodasyretiroshamsa.com\/index.php\/wp-json\/wp\/v2\/product_tag?post=299"}],"curies":[{"name":"wp","href":"https:\/\/api.w.org\/{rel}","templated":true}]}}