{"id":300,"date":"2022-07-27T14:07:23","date_gmt":"2022-07-27T14:07:23","guid":{"rendered":"https:\/\/bodasyretiroshamsa.com\/?post_type=product&#038;p=300"},"modified":"2022-11-19T15:13:31","modified_gmt":"2022-11-19T20:13:31","slug":"psk-thieves-hogar-natural","status":"publish","type":"product","link":"https:\/\/bodasyretiroshamsa.com\/index.php\/producto\/psk-thieves-hogar-natural\/","title":{"rendered":"PSK Thieves Hogar Natural"},"content":{"rendered":"<p>\u00a1\u00danete a la experiencia \u00fanica de negocios y producto de Young Living! Un valor extraordinario que ofrece una presentaci\u00f3n introductoria al poder de los aceites esenciales, este Kit de Inicio Premium es la opci\u00f3n perfecta para descubrir todos los beneficios de la l\u00ednea Thieves.<\/p>\n<p>Este Kit de Inicio Premium Thieves Hogar Natural incluye:<\/p>\n<p>Thieves AromaBright pasta dental 114 g<br \/>\nThieves 5 ml<br \/>\nThieves jab\u00f3n para manos 236,5 ml<br \/>\nThieves limpiador dom\u00e9stico 426 ml<br \/>\nThieves jab\u00f3n para trastes 355 ml<br \/>\nThieves detergente de ropa 946 ml<br \/>\nThieves gel limpiador de manos 29,6 g<br \/>\nDifusor Dewdrop.<\/p>\n","protected":false},"excerpt":{"rendered":"<p>Estos productos solo est\u00e1n disponibles para la compra por parte de los miembros de Young Living. Para convertirse en miembro de Young Living, haga clic en el enlace \u00abH\u00e1gase miembro\u00bb en la parte superior de esta p\u00e1gina.<\/p>\n","protected":false},"featured_media":294,"comment_status":"open","ping_status":"closed","template":"","meta":[],"product_brand":[],"product_cat":[16],"product_tag":[],"class_list":{"0":"post-300","1":"product","2":"type-product","3":"status-publish","4":"has-post-thumbnail","6":"product_cat-sin-categorizar","8":"first","9":"instock","10":"shipping-taxable","11":"product-type-external"},"lang":"es","translations":{"es":300,"en":1055},"pll_sync_post":[],"_links":{"self":[{"href":"https:\/\/bodasyretiroshamsa.com\/index.php\/wp-json\/wp\/v2\/product\/300","targetHints":{"allow":["GET"]}}],"collection":[{"href":"https:\/\/bodasyretiroshamsa.com\/index.php\/wp-json\/wp\/v2\/product"}],"about":[{"href":"https:\/\/bodasyretiroshamsa.com\/index.php\/wp-json\/wp\/v2\/types\/product"}],"replies":[{"embeddable":true,"href":"https:\/\/bodasyretiroshamsa.com\/index.php\/wp-json\/wp\/v2\/comments?post=300"}],"version-history":[{"count":2,"href":"https:\/\/bodasyretiroshamsa.com\/index.php\/wp-json\/wp\/v2\/product\/300\/revisions"}],"predecessor-version":[{"id":1438,"href":"https:\/\/bodasyretiroshamsa.com\/index.php\/wp-json\/wp\/v2\/product\/300\/revisions\/1438"}],"wp:featuredmedia":[{"embeddable":true,"href":"https:\/\/bodasyretiroshamsa.com\/index.php\/wp-json\/wp\/v2\/media\/294"}],"wp:attachment":[{"href":"https:\/\/bodasyretiroshamsa.com\/index.php\/wp-json\/wp\/v2\/media?parent=300"}],"wp:term":[{"taxonomy":"product_brand","embeddable":true,"href":"https:\/\/bodasyretiroshamsa.com\/index.php\/wp-json\/wp\/v2\/product_brand?post=300"},{"taxonomy":"product_cat","embeddable":true,"href":"https:\/\/bodasyretiroshamsa.com\/index.php\/wp-json\/wp\/v2\/product_cat?post=300"},{"taxonomy":"product_tag","embeddable":true,"href":"https:\/\/bodasyretiroshamsa.com\/index.php\/wp-json\/wp\/v2\/product_tag?post=300"}],"curies":[{"name":"wp","href":"https:\/\/api.w.org\/{rel}","templated":true}]}}